{"id":43,"date":"2019-07-02T21:07:09","date_gmt":"2019-07-02T19:07:09","guid":{"rendered":"https:\/\/www.hamburger-bogenschuetzen-gilde.de\/dm2019\/?page_id=43"},"modified":"2019-07-02T21:07:10","modified_gmt":"2019-07-02T19:07:10","slug":"deutsche-meisterschaft-des-dbsv-altersklassen-2019","status":"publish","type":"page","link":"https:\/\/www.hamburger-bogenschuetzen-gilde.de\/dm2019\/","title":{"rendered":"Deutsche Meisterschaft des DBSV Altersklassen 2019"},"content":{"rendered":"\n<p>Hier findest Du alle n\u00fctzlichen und wichtigen Informationen zur DM 2019 des DBSV in der Altersklasse.<\/p>\n\n\n\n<p>F\u00fcr alle teilnehmende Sch\u00fctzen, und den leider Daheimgebliebenen, gibt es in unregelm\u00e4\u00dfigen Abst\u00e4nden an den Tagen der DM neueste Informationen und Bilder hier zu betrachten.<\/p>\n\n\n\n<p>Wir freuen uns auf Euch!<\/p>\n\n\n\n<div class=\"wp-block-image\"><figure class=\"aligncenter\"><img loading=\"lazy\" decoding=\"async\" width=\"500\" height=\"707\" src=\"https:\/\/www.hamburger-bogenschuetzen-gilde.de\/dm2019\/wp-content\/uploads\/sites\/5\/2019\/07\/Plakat_Schu\u0308tze_KopfRot_v3_CompundRecurve.jpg\" alt=\"\" class=\"wp-image-46\" srcset=\"https:\/\/www.hamburger-bogenschuetzen-gilde.de\/dm2019\/wp-content\/uploads\/sites\/5\/2019\/07\/Plakat_Schu\u0308tze_KopfRot_v3_CompundRecurve.jpg 500w, https:\/\/www.hamburger-bogenschuetzen-gilde.de\/dm2019\/wp-content\/uploads\/sites\/5\/2019\/07\/Plakat_Schu\u0308tze_KopfRot_v3_CompundRecurve-212x300.jpg 212w\" sizes=\"(max-width: 500px) 100vw, 500px\" \/><\/figure><\/div>\n","protected":false},"excerpt":{"rendered":"<p>Hier findest Du alle n\u00fctzlichen und wichtigen Informationen zur DM 2019 des DBSV in der Altersklasse. F\u00fcr alle teilnehmende Sch\u00fctzen, und den leider Daheimgebliebenen, gibt es in unregelm\u00e4\u00dfigen Abst\u00e4nden an den Tagen der DM neueste Informationen und Bilder hier zu betrachten. Wir freuen uns auf Euch!<\/p>\n","protected":false},"author":3,"featured_media":0,"parent":0,"menu_order":0,"comment_status":"closed","ping_status":"closed","template":"","meta":{"_uag_custom_page_level_css":"","_genesis_hide_title":false,"_genesis_hide_breadcrumbs":false,"_genesis_hide_singular_image":false,"_genesis_hide_footer_widgets":false,"_genesis_custom_body_class":"","_genesis_custom_post_class":"","_genesis_layout":"","footnotes":""},"uagb_featured_image_src":{"full":false,"thumbnail":false,"medium":false,"medium_large":false,"large":false,"1536x1536":false,"2048x2048":false},"uagb_author_info":{"display_name":"Christian P.","author_link":"https:\/\/www.hamburger-bogenschuetzen-gilde.de\/dm2019\/author\/christian-p\/"},"uagb_comment_info":0,"uagb_excerpt":"Hier findest Du alle n\u00fctzlichen und wichtigen Informationen zur DM 2019 des DBSV in der Altersklasse. F\u00fcr alle teilnehmende Sch\u00fctzen, und den leider Daheimgebliebenen, gibt es in unregelm\u00e4\u00dfigen Abst\u00e4nden an den Tagen der DM neueste Informationen und Bilder hier zu betrachten. Wir freuen uns auf Euch!","_links":{"self":[{"href":"https:\/\/www.hamburger-bogenschuetzen-gilde.de\/dm2019\/wp-json\/wp\/v2\/pages\/43"}],"collection":[{"href":"https:\/\/www.hamburger-bogenschuetzen-gilde.de\/dm2019\/wp-json\/wp\/v2\/pages"}],"about":[{"href":"https:\/\/www.hamburger-bogenschuetzen-gilde.de\/dm2019\/wp-json\/wp\/v2\/types\/page"}],"author":[{"embeddable":true,"href":"https:\/\/www.hamburger-bogenschuetzen-gilde.de\/dm2019\/wp-json\/wp\/v2\/users\/3"}],"replies":[{"embeddable":true,"href":"https:\/\/www.hamburger-bogenschuetzen-gilde.de\/dm2019\/wp-json\/wp\/v2\/comments?post=43"}],"version-history":[{"count":3,"href":"https:\/\/www.hamburger-bogenschuetzen-gilde.de\/dm2019\/wp-json\/wp\/v2\/pages\/43\/revisions"}],"predecessor-version":[{"id":49,"href":"https:\/\/www.hamburger-bogenschuetzen-gilde.de\/dm2019\/wp-json\/wp\/v2\/pages\/43\/revisions\/49"}],"wp:attachment":[{"href":"https:\/\/www.hamburger-bogenschuetzen-gilde.de\/dm2019\/wp-json\/wp\/v2\/media?parent=43"}],"curies":[{"name":"wp","href":"https:\/\/api.w.org\/{rel}","templated":true}]}}